, 5*t - 738 = -m. What is the hundreds digit of t?
1
Suppose -5*m + q + 2465 = 6*q, 0 = 4*m + 3*q - 1975. What is the units digit of m?
6
Let z(r) be the second derivative of 7*r + 5*r**2 - 1/6*r**3 + 0. What is the units digit of z(6)?
4
Suppose -r - 10099 = -3*v, 2*v + 0*r = -3*r + 6751. What is the hundreds digit of v?
3
Let x = 326 - 128. What is the tens digit of x?
9
Let h = 5 - -1. What is the tens digit of -3*h/(-6) - -209?
1
Let z = 14 - 11. Let u(i) = 4*i**2 - i - 7. What is the units digit of u(z)?
6
Let p(g) = g**3 + 7*g**2 - g - 7. Let b(d) = d**2 - 7*d - 5. Let c be b(7). What is the tens digit of p(c)?
4
Suppose -57 + 17 = -2*g. Suppose 4*f - y = -72, -f - 28 = 3*y + 3. Let a = g + f. What is the units digit of a?
1
Let j(d) be the second derivative of -d**4/12 - 13*d**3/6 + 8*d**2 - 4*d. Suppose -3*h + 5*k + 0*k - 12 = 0, 3*h + 4*k = -39. What is the units digit of j(h)?
2
Let k(q) be the second derivative of q**5/20 - q**4/3 + 3*q**2/2 + q. Let w = 11 + -7. What is the units digit of k(w)?
3
Suppose -18*l + 12 = -14*l. Suppose 41 = -l*b + 269. What is the tens digit of b?
7
Suppose -5 = -3*n - 2*n. Let b be (-4 + 10)*(n - 0). Suppose -b*a = -63 + 9. What is the units digit of a?
9
Suppose 0 = h - 1, -87 = -4*f - 7*h + 4*h. Let v = f - 57. Let l = -25 - v. What is the tens digit of l?
1
Let u be 1 + 3 + 2/(-3 + 2). Suppose -u*n + q = -2*q - 148, n = -2*q + 81. What is the units digit of n?
7
Suppose -5*w + 5*h + 20 = 0, w - h - h = 4. Let z(t) = 2*t - 4. Let o be z(w). Suppose -24 = -4*d + o. What is the units digit of d?
7
Suppose 0*m - m = 8. What is the units digit of 114*(m/28 - (-11)/14)?
7
Suppose 15*g + 16 - 241 = 0. What is the tens digit of g?
1
Let g = 48 - 81. Let m = 101 + g. What is the units digit of m?
8
Let j = -2303 + 2376. What is the tens digit of j?
7
What is the hundreds digit of (-1 - -437) + (-12)/20*5?
4
What is the hundreds digit of -3 + -1 + (-63)/(-7) - -944?
9
Let q = -1 - 2. Let m be (-2 - -13) + (-3 - q). Suppose -23 = -2*w - m. What is the units digit of w?
6
Let f = -1 - -1. Let n(l) = l**3 + 10*l**2 + 7*l - 15. Let x be n(-9). Suppose f*y + 3*y - 25 = -2*i, -x*y + 85 = 5*i. What is the units digit of i?
0
What is the thousands digit of (-1 + -359)*(-1056)/128?
2
Suppose 0 = v + 3*v. Suppose 0 = h - 3 - v. Let t(c) = c**3 - 3*c. What is the tens digit of t(h)?
1
Suppose 3*o = 0, 3*i - 3*o - 6 = -0*o. Suppose 1157 = 4*g - 5*j, -4*g = -0*j + i*j - 1122. What is the tens digit of g?
8
Suppose -3*d = -4*l + 10, 3*d = 7*d + 3*l + 30. Let o = -2 - d. Suppose -y - 4*y - 4*q + 153 = 0, o*q = -12. What is the tens digit of y?
3
Let f(d) = 82*d**2 + 28*d - 57. What is the tens digit of f(2)?
2
Suppose -2*v + 68 = -v. Let r be v/18 - (-8)/36. Suppose -3*n + 11 + 101 = 2*c, 0 = c + r. What is the tens digit of n?
4
Suppose -m + 9 + 8 = 0. Suppose m = 2*o - 77. What is the units digit of o?
7
Let f(x) = 2*x - 16. Let w be f(7). Let m be 10 + 1 - (w + 5). What is the tens digit of (-2)/m - 77/(-4)?
1
Let w(h) = -h**3 - 7*h**2 - 6*h + 8. Let o be w(-6). Suppose 4*j - 3*m - 733 = -o*m, -4*m + 374 = 2*j. What is the hundreds digit of j?
1
Let i(k) = k**3 + 9*k**2 - 4*k + 4. Suppose -3*t - 29 = 2*x, -2*t - t - 17 = -x. What is the hundreds digit of i(t)?
1
Let q(p) = -p**3 + 7*p**2 + 8*p - 4. Let d be q(7). Suppose 3*g - 3 = 0, -141 = -v - g - d. What is the tens digit of v?
8
Suppose 2*n - 11126 = 4*x, 2*n - 16656 = -n - 5*x. What is the tens digit of n?
5
Let n = 930 + -470. What is the tens digit of n?
6
Let b = -146 - -400. What is the units digit of b?
4
Let w(m) = 0*m + 0 - 4*m - 10. Let z(r) = -r**3 + 22*r**2 + 21*r + 36. Let k be z(23). What is the units digit of w(k)?
0
Suppose -5*m - 4*j = -3675, -4*m + 3*j - 134 = -3043. What is the units digit of m?
1
Suppose 4*a - 2000 = -4*n, 876 = 3*a - n - 644. What is the hundreds digit of a?
5
Let p(k) = k**3 + k**2 + 37. Let v be -5*2/(-8)*4. Suppose v*g + 3*z - 7 = -22, g = 4*z + 20. What is the tens digit of p(g)?
3
Let p(q) = q**3 - 4*q**2 + 4*q + 1607. What is the tens digit of p(0)?
0
Suppose 6*q + 218 - 4628 = 0. What is the tens digit of q?
3
Let w = -1170 - -2155. What is the hundreds digit of w?
9
Let h be 15/25 + (-1 - (-87)/5). Suppose -15*t = -h*t + 314. What is the hundreds digit of t?
1
Suppose 8 = -4*p, 5*p + 114 = -0*m - 4*m. What is the tens digit of 3675/55 + (m/(-22) - 1)?
6
Let v(u) = 19*u**2 + 11*u + 36. What is the hundreds digit of v(-4)?
2
Let r be (-4)/4 - (-47 - 2). Suppose 0*y + r = t + 4*y, -4*t + 3*y = -173. What is the units digit of t?
4
Let p be -1 - (-2 - (-3 + 2)). Suppose -4*l = w - p*w - 178, 0 = l + 3*w - 50. Suppose -h + l = -2. What is the units digit of h?
6
Suppose d = 2*d - 5. Suppose 0 = d*p - 10, 0*o = 3*o + p - 44. Let n(b) = b. What is the units digit of n(o)?
4
Let u(o) = -70*o**3. Suppose 0 = 2*c + 3*c - 5. Let n be u(c). Let a = -40 - n. What is the tens digit of a?
3
Suppose 18 = 2*g - 22. Suppose -32 = -5*f - 4*m, 2*f - g = -3*m - m. Suppose -2*n + f*c + 72 = 0, -4*n + 4*c - 3*c + 158 = 0. What is the tens digit of n?
4
Let f = -2573 + 4321. What is the hundreds digit of f?
7
Let d(l) be the second derivative of -l**5/20 - l**4/2 - l**3 - l**2/2 - 8*l. Let i be d(-5). Suppose -129 = q - i*q. What is the units digit of q?
3
Let t(f) = -f**3 + 12*f**2 + 38*f + 29. What is the units digit of t(13)?
4
Let k(m) = -2*m + 12. Let s(c) = -c + 6. Let w(p) = 3*k(p) - 5*s(p). What is the tens digit of w(-10)?
1
Suppose 2*d = 5*d - 69. Suppose -d - 1 = -3*m. What is the units digit of m?
8
Let u = -2 - -6. Suppose 0*y = -u*c - 2*y, -2*c - 3*y = 0. Suppose c*k = k - 5. What is the units digit of k?
5
What is the units digit of (-2527)/(-7) + (-2)/(4/4)?
9
Let w = -78 + 76. What is the units digit of ((-5)/w)/(-5*2/(-60))?
5
Let t(c) be the first derivative of -c**4/4 + 4*c**3/3 + 3*c**2 - 3*c - 1. Let n be (12/10)/((-12)/(-40)). What is the units digit of t(n)?
1
Let g(w) = -2*w**3 + 18*w**2 - 6. What is the units digit of g(7)?
0
Suppose 5*h - 4*w + 0*w + 629 = 0, -5*w = -5*h - 630. Suppose -60 = -855*s + 859*s. What is the units digit of h/s - 1/3?
8
Let g be ((3/(-6))/1 + 1)*14. Suppose 5*a + 3*i = 15, -i = -a - 3*i + 10. Suppose g*o + 16 - 79 = a. What is the units digit of o?
9
Let m(t) be the second derivative of 53/2*t**2 + 0 - 1/12*t**4 - 4*t - 1/6*t**3. What is the units digit of m(0)?
3
Let g(k) = -k**3 - 15*k**2 + 22*k + 43. What is the units digit of g(-18)?
9
What is the tens digit of ((-3)/12*-548)/((-2)/(-10))?
8
What is the thousands digit of ((-115710)/(-245))/(3/28)?
4
What is the tens digit of (1/3)/((-47)/(-17484))?
2
Let q = -132 - -273. Let r = 197 - q. What is the tens digit of r?
5
Suppose -15*k + 25614 = 3*k. What is the tens digit of k?
2
Suppose -4*y + 9868 = -2*f + 3*f, -5*y + 2*f + 12335 = 0. What is the thousands digit of y?
2
Let p(g) = 12*g - 28. Let x be p(-10). Let f = -21 - x. What is the tens digit of f?
2
Let j(r) = 2 - 2*r + 0*r + 4. Let z be j(3). What is the tens digit of (-51)/(-3) - (-2 + z)?
1
Let c = 170 - 142. What is the units digit of c?
8
Let r(v) = 5*v**2 + 12*v + 7. Let g be r(11). Suppose 20*x - g = 17*x. What is the tens digit of x?
4
What is the hundreds digit of ((-592)/(-20))/(3/(-225)*-6)?
3
Let g be ((-84)/(-49))/((-4)/(-4998)). Suppose g = 3*q + 14*q. What is the tens digit of q?
2
Suppose 0 = 2*n - 3*t + 6, 5 = 4*n + 4*t - 23. Suppose n*r - 200 = 277. What is the units digit of r?
9
Let v(f) = 17*f - 277. What is the tens digit of v(23)?
1
Let k be 0/(6/(-3) + -2). Suppose k = -5*o - l + 18, -2*o - 2*l - l + 2 = 0. Suppose o*s - 50 = 46. What is the tens digit of s?
2
Suppose -15*o = -2*k - 14*o + 4941, 4*o - 7417 = -3*k. What is the hundreds digit of k?
4
Let a = 4091 + -651. What is the hundreds digit of a?
4
Let a = -64 - -66. Suppose 3*c - 143 = -a*l, -3*c - 2*l + 233 = 2*c. What is the units digit of c?
5
Suppose x = -5*f + 1207, 2*f - 53 - 433 = -2*x. What is the tens digit of f?
4
Suppose -278 = -2*j + 192. Let l = j + -137. What is the tens digit of l?
9
Let a(j) = -j**3 + 6*j**2 + 8*j - 9. Let f = -14 - -19. Suppose f*o - 2*v - 26 = -v, 2*v = -4*o + 32. What is the units digit of a(o)?
9
Let h be 20 + 1/(1/2). Let x be (-4328)/88 + 4/h. Let b = x + 69. 